r?
True
Is 5981 a composite number?
False
Is 23417 composite?
False
Is 368941 a prime number?
False
Is 2503 composite?
False
Is 25733 a composite number?
False
Is 1874035 a composite number?
True
Is 255413 composite?
False
Is 270209 prime?
True
Is 89447 composite?
True
Is 200219 a composite number?
True
Is 16127 a prime number?
True
Is 75079 prime?
True
Is 33287 composite?
False
Is 12881 a prime number?
False
Is 2362 a composite number?
True
Is 23039 composite?
False
Is 69899 prime?
True
Is 473141 a prime number?
True
Is 202549 composite?
False
Is 460721 composite?
False
Is 36029 composite?
True
Is 14371 a prime number?
False
Is 170953 composite?
False
Is 19841 a prime number?
True
Is 30211 composite?
False
Is 298147 a prime number?
False
Is 1913773 prime?
True
Is 494083 composite?
False
Is 55967 a composite number?
False
Is 223645 a composite number?
True
Is 573307 composite?
True
Is 326309 composite?
False
Is 7067 composite?
True
Is 2370635 a composite number?
True
Is 1144358 a composite number?
True
Is 33911 prime?
True
Is 1073 a prime number?
False
Is 4193 prime?
False
Is 945205 prime?
False
Is 38195 a composite number?
True
Is 287171 a prime number?
False
Is 433617 a prime number?
False
Is 665977 a composite number?
True
Is 614609 composite?
False
Is 127763 a composite number?
False
Is 98801 a prime number?
True
Is 541693 prime?
True
Is 529861 prime?
False
Is 108083 a prime number?
False
Is 23281 a composite number?
True
Is 29071 composite?
True
Is 5227 composite?
False
Is 11111755 a prime number?
False
Is 371 a prime number?
False
Is 6227 prime?
False
Is 12143 a composite number?
False
Is 659137 prime?
True
Is 2749 prime?
True
Is 291779 a prime number?
True
Is 5779 composite?
False
Is 24491 prime?
False
Is 2503 prime?
True
Is 54127 a prime number?
False
Is 30773 composite?
False
Is 25901 a prime number?
False
Is 5809 a prime number?
False
Is 5195 composite?
True
Is 3787 prime?
False
Is 180949 a prime number?
True
Is 20302 prime?
False
Is 9883 a composite number?
False
Is 12251 prime?
True
Is 51473 a prime number?
True
Is 1973 a composite number?
False
Is 112543 a prime number?
True
Is 1623 a composite number?
True
Is 1808539 a prime number?
True
Is 8923 composite?
False
Is 111533 prime?
True
Is 57457 a composite number?
False
Is 209837 composite?
False
Is 160661 composite?
True
Is 1302389 a prime number?
False
Is 23719 prime?
True
Is 2025442 a composite number?
True
Is 13009 a prime number?
True
Is 1943 a prime number?
False
Is 63721 a prime number?
False
Is 700903 a composite number?
True
Is 132019 a prime number?
True
Is 545521 a composite number?
False
Is 14683 composite?
False
Is 4955359 composite?
False
Is 421273 composite?
False
Is 129139 composite?
True
Is 7382 composite?
True
Is 677 prime?
True
Is 13799 a prime number?
True
Is 9229 a composite number?
True
Is 93047 a composite number?
False
Is 385039 a prime number?
True
Is 29615 a prime number?
False
Is 133309 composite?
True
Is 476219 composite?
False
Is 68273 composite?
True
Is 43753 a composite number?
False
Is 97543 prime?
False
Is 13241 a composite number?
False
Is 82343 composite?
True
Is 517277 prime?
True
Is 37261 composite?
True
Is 43243 composite?
True
Is 11927 a composite number?
False
Is 470689 prime?
True
Is 1213886 a composite number?
True
Is 3821 a prime number?
True
Is 32203 composite?
False
Is 3033955 a composite number?
True
Is 76621 composite?
True
Is 996511 prime?
True
Is 911 a composite number?
False
Is 190507 a composite number?
False
Is 77131 a prime number?
False
Is 208877 a prime number?
True
Is 703271 a composite number?
True
Is 24397 a prime number?
False
Is 679 a prime number?
False
Is 107626 a prime number?
False
Is 269851 composite?
False
Is 441679 a composite number?
True
Is 68017 a prime number?
False
Is 14143 a composite number?
False
Is 654649 prime?
False
Is 991 composite?
False
Is 1048423 a composite number?
False
Is 52879 composite?
False
Is 1273 prime?
False
Is 104417 a composite number?
False
Is 14621 composite?
False
Is 467 prime?
True
Is 17291 a prime number?
True
Is 5234 a composite number?
True
Is 186377 prime?
True
Is 158393 composite?
False
Is 19207 a composite number?
False
Is 99861 a composite number?
True
Is 705631 a prime number?
True
Is 34633 prime?
False
Is 17921 a prime number?
True
Is 15713 a composite number?
True
Is 2953 a composite number?
False
Is 48299 a prime number?
True
Is 7543 a prime number?
False
Is 183553 prime?
False
Is 38501 composite?
False
Is 124847 a composite number?
False
Is 128126 prime?
False
Is 88523 a prime number?
True
Is 52147 a composite number?
False
Is 106391 composite?
False
Is 7769 a prime number?
False
Is 1711 a composite number?
True
Is 9563 prime?
False
Is 104513 a prime number?
True
Is 42821 a composite number?
False
Is 9059 a composite number?
False
Is 7451 a composite number?
False
Is 2333 composite?
False
Is 42667 a composite number?
False
Is 6287 composite?
False
Is 180787 a prime number?
False
Is 382963 prime?
False
Is 344039 a composite number?
False
Is 530227 composite?
False
Is 434615 a prime number?
False
Is 655647 a prime number?
False
Is 277661 prime?
False
Is 9511 a prime number?
True
Is 115849 a prime number?
True
Is 43753 a composite number?
False
Is 74353 a composite number?
False
Is 29807 a composite number?
True
Is 43027 a composite number?
True
Is 260263 prime?
True
Is 6197 a prime number?
True
Is 9743 a prime number?
True
Is 905351 composite?
True
Is 5273 composite?
False
Is 291467 prime?
False
Is 1847929 a prime number?
True
Is 23813 prime?
True
Is 31769 composite?
False
Is 10871 a composite number?
True
Is 335557 composite?
False
Is 457 a prime number?
True
Is 3453 prime?
False
Is 3793 a prime number?
True
Is 16613 prime?
False
Is 203563 a prime number?
True
Is 331 a prime number?
True
Is 139471 composite?
True
Is 48206 prime?
False
Is 14765 a prime number?
False
Is 234431 a composite number?
False
Is 11351 prime?
True
Is 509471 a prime number?
False
Is 1852437 composite?
True
Is 318397 a composite number?
True
Is 2149 a prime number?
False
Is 305255 prime?
False
Is 102917 a prime number?
False
Is 170939 composite?
True
Is 797 a prime number?
True
Is 4907 a prime number?
False
Is 165629 a composite number?
True
Is 600791 prime?
True
Is 5623 a prime number?
True
Is 91283 prime?
True
Is 187159 composite?
True
Is 81343 a prime number?
True
Is 232633 a composite number?
False
Is 13142 a prime number?
False
Is 78673 a prime number?
False
Is 627709 a prime number?
True
Is 382493 prime?
True
Is 13966 composite?
True
Is 1511 a prime number?
True
Is 64747 a prime number?
True
Is 123001 prime?
True
Is 164677 a composite number?
False
Is 1571 a composite number?
False
Is 263402 composite?
True
Is 414377 prime?
False
Is 163061 a prime number?
True
Is 28151 a composite number?
False
Is 18617 a composite number?
False
Is 2257 composite?
True
Is 66733 a prime number?
True
Is 354421 composite?
False
Is 36601 a prime number?
False
Is 29039 prime?
False
Is 6607 a prime number?
True
Is 90341 a composite number?
True
Is 227789 a prime number?
True
Is 3683 a prime number?
False
Is 6013 a prime number?
False
Is 14438 a composite number?
True
Is 14693 composite?
True
Is 15969 a prime number?
False
Is 36617 composite?
True
Is 209597 prime?
True
Is 7069 a composite number?
False
Is 2387045 a prime number?
False
Is 815 prime?
False
Is 334 a prime number?
False
Is 139522 prime?
False
Is 7103 prime?
True
Is 3109 a prime number?
True
Is 137497 a composite number?
True
Is 3791 prime?
False
Is 1249 a composite number?
False
Is 11657 a prime number?
True
Is 2209 prime?
False
Is 546701 a composite number?
True
Is 89041 a composite number?
False
Is 1532543 prime?
True
Is 123631 composite?
False
Is 11755 composite?
True
Is 5209 a prime number?
True
Is 78321 a composite number?
True
Is 53309 a composite number?
False
Is 3589 a composite number?
True
Is 1921 prime?
False
Is 9586 a prime number?
False
Is 2547073 a composite number?
False
Is 11399 a prime number?
True
Is 13733 a composite number?
True
Is 72521 a prime number?
False
Is 299317 a composite number?
False
Is 577483 composite?
False
Is 169709 a composite number?
False
Is 26777 prime?
True
Is 2153 composite?
False
Is 1739981 a composite number?
F